 -4) composite?
False
Suppose -6 = -4*h + 6. Suppose -h*j + 8*j = 35. Is j a composite number?
False
Suppose -5*a + 3 = r - 2*a, 5*r + 3*a = 27. Is (4 - r) + (-69)/(-1) composite?
False
Let o = -22 + 14. Let f = -1 - o. Is f composite?
False
Let l be (3/(-2))/((-21)/56). Suppose -l*p + 4*g + 59 = -3*p, -p = g - 49. Is p a composite number?
True
Is (-8926)/(-8) + -1 + 1/4 composite?
True
Suppose 0 = 6*b - 10*b + 29708. Is b a prime number?
False
Let v(j) = -489*j**3 + j**2 - 1. Is v(-1) a composite number?
True
Suppose 5*v - 3*v = 10. Suppose v*d - 135 = 110. Is d prime?
False
Suppose 3*f - 5*t = 38, 28 = -0*f + 3*f + 5*t. Suppose 4*b + 5 = -f, 0 = -4*n + b + 448. Is n a composite number?
True
Let y = -208 - -360. Is 3*(y/(-6))/(-4) composite?
False
Let m(s) = 4*s**2 + 3*s + 12. Is m(-7) a composite number?
True
Let f(g) = 118*g - 3. Let t(u) = 117*u - 2. Let j(v) = -6*f(v) + 7*t(v). Let c be j(-10). Is (-4)/(-6) - c/6 prime?
False
Suppose -2*w - r + 6*r = -928, -3*w + 1415 = 4*r. Is w composite?
True
Suppose -6*p = -2*p - 12. Suppose -p*n - 3*a = -0*a - 78, 2*a - 96 = -4*n. Let g = n + -9. Is g composite?
False
Suppose -3*v = -4*o - 871, -2*v = -5*o + 2*v - 1088. Let t = o - -130. Let a = -59 - t. Is a a composite number?
False
Let k be (-2)/(-2) + -9 + 1508. Suppose j = 4*t + 725, -k = -2*j + t - 3*t. Is j composite?
True
Let j be 5/(-1) + (5 - 4). Is 447/2 + 2/j composite?
False
Let y(z) = z**3 - 4*z**2 - 5*z - 6. Let c be y(5). Let n = 6 + c. Suppose -m + 3 = -n*m. Is m a prime number?
True
Suppose 2*f = 3*f. Suppose f*x + 3*x = 102. Is x a composite number?
True
Suppose -5*r + 5*p + 5 = 0, -4*r - 2*p + 3 = -7. Suppose -2*h + r*s = 6, -3*s - 55 = 5*h - 16. Is (h + 0)/(2/(-7)) a composite number?
True
Let b(q) = 6*q**2 + 2*q - 3. Let k be 30/4*10/15. Is b(k) composite?
False
Let z = 9 - 4. Suppose 2*o + 2835 = z*w, -w + 3*w - o - 1135 = 0. Is w prime?
False
Let b(w) = -32*w**3 - 2*w**2 + 1. Let m be b(2). Let d = -120 - m. Is d composite?
True
Suppose 0 = -q - q. Is (2 + q + -1)*6 prime?
False
Let a be 1 - (0 - (3 + -1)). Is 12/8*218/a a prime number?
True
Suppose 40 = -8*p + 13*p. Suppose 2670 = p*q - 2*q. Is q a prime number?
False
Let z(i) = 10*i**2 - 5*i - 2. Is z(5) prime?
True
Let g = 2 - -4. Let h(k) = k**3 - 6*k**2 + 7*k - 3. Is h(g) prime?
False
Let p(i) = 222*i + 2. Let h be p(-2). Is (-1)/4 + h/(-8) composite?
True
Suppose 0 = 2*d - 71 - 83. Is d composite?
True
Suppose 4*w + 610 = 2*q, -4*w + q + 2*q = 607. Let s be (w - 1)*(-3 + 2). Suppose -3*r - 80 - 144 = -4*d, -r + s = 3*d. Is d prime?
True
Let d = -3 + 3. Let z(v) = -1 - 1 + v**2 + 4*v + d - 2*v. Is z(-8) prime?
False
Let l(q) = -q**2 + 22*q - 16. Let s be l(11). Suppose y + s = 4*y. Is y composite?
True
Let x(l) = l**3 - 8*l**2 + 2*l - 2. Let k be x(8). Is (k/(-3))/(4/(-66)) a prime number?
False
Let a(b) = 15*b**3 + b**2. Let r be a(1). Is (-1)/1 + r*3 composite?
False
Let n be ((-6)/8)/((-2)/(-152)). Let k be 16/24 - (-656)/6. Let q = k + n. Is q a prime number?
True
Let h(v) be the third derivative of -23*v**4/24 - 5*v**3/6 - 2*v**2. Let s be h(-5). Is (s/(-6))/((-4)/12) a prime number?
False
Let j(q) = -8*q**3 - 7*q**2 - 4*q + 3. Is j(-4) a prime number?
True
Suppose 5*v + 30 = -10. Let o be 1022/v + 6/(-24). Let d = 202 + o. Is d a prime number?
False
Let m = -6 + 6. Suppose -5*c + 1585 = 5*k, 4*c = 2*k - m*k + 1268. Is c a composite number?
False
Let f(i) = i**2 - 8*i - 26. Is f(12) a composite number?
True
Let d(w) = -71*w**3 - w**2. Let h be d(-1). Let p = 27 + h. Is p a prime number?
True
Let v(l) = 0*l + 2 + 0*l**3 + 9*l - 10*l**2 + l**3. Let i be v(9). Is (i - 0)/((-3)/(-33)) a composite number?
True
Suppose 5*j - j = 4036. Is j a prime number?
True
Suppose -l = -2*g + 441, -g + 2*l = 2*g - 659. Is g prime?
True
Let d(t) = -t**2 + t + 37. Let i(l) be the third derivative of l**6/120 - l**5/60 - l**4/8 + l**3/3 + l**2. Let g be i(2). Is d(g) composite?
False
Suppose 110 = 4*q - 38. Is q composite?
False
Let v be ((-9)/2 + 3)*-2. Suppose v*g - 30 = -2*g. Is g a composite number?
True
Let c(g) = -5*g**3 + 6*g**2 - 7*g + 1. Let d(b) = -4*b**3 + 6*b**2 - 6*b + 1. Let i(j) = -3*c(j) + 4*d(j). Is i(3) a prime number?
True
Let r(i) = 12*i + 13. Is r(9) a prime number?
False
Suppose -4*o - 1 = 3. Let k = -1 + o. Is (k/(-4))/((-3)/(-78)) composite?
False
Suppose -9*x + 3*x + 84 = 0. Suppose 0 = 3*u - 7 - 62. Let q = u + x. Is q composite?
False
Let v(l) = -l**3 - 6*l**2 + 2*l + 9. Suppose j + 3*j = -24. Let i be v(j). Is ((-2)/i)/((-8)/(-1356)) composite?
False
Let o(l) = -20*l**2 - 10*l - 4. Let h(p) = p + 1. Let q(d) = -5*h(d) - o(d). Is q(-4) a composite number?
True
Let a(x) = -4*x**3 + 3*x**2 - 4*x + 4. Let i be a(4). Let s = 435 + i. Is s a prime number?
False
Suppose -3*k + 3530 = 5*t - 6*k, 719 = t + 2*k. Is t prime?
True
Let g = 213 - -38. Let v = -124 + g. Is v composite?
False
Suppose -m + 15 - 2 = -5*p, 5*m = p - 7. Let t = 40 - m. Let u = -27 + t. Is u prime?
False
Let q = 1442 - 657. Is q a composite number?
True
Let q(m) = 4*m**2 + 3*m + 4. Suppose 5*p = -10, 3*p + 4 = -n + 1. Is q(n) prime?
False
Suppose -655 = -w - 4*w. Is w a composite number?
False
Let o(v) = v**2 - v + 7. Let u be o(5). Let q = u + 40. Is q a prime number?
True
Let w(t) be the second derivative of -t**3/3 + t**2/2 + 3*t. Is w(-6) a composite number?
False
Suppose x + 4*r - 180 = 5*x, 30 = -x - 2*r. Let l = 76 + -5. Let f = l + x. Is f a composite number?
False
Suppose 2*w + 14 = -2. Let f be 6/(-3) - -1 - w. Suppose -189 = -5*q - 4*a, -3*q + f = -4*a - 100. Is q a prime number?
True
Let t = -28 - -290. Suppose 5*h - t = -3*r, -257 = -2*r - r - 4*h. Is r a composite number?
False
Let v(f) = -f**2 - 4*f. Suppose -5*y = 5*b, -5*b + 10 = -3*b. Let t be v(y). Let g(r) = 2*r**2 - 6*r - 1. Is g(t) composite?
False
Let f = 6 - 5. Let h be 2 + -2*-69*f. Let w = h + -97. Is w composite?
False
Suppose -43*a + 48*a - 715 = 0. Is a a prime number?
False
Suppose 0 = -c + 3. Suppose -2*y - y + 78 = k, c*y + 3*k = 84. Is y a prime number?
False
Suppose -2*j + 3*j - 145 = 0. Is j prime?
False
Let s(w) = -w**3 + w**2 + 13*w + 19. Is s(-8) a prime number?
True
Let k(z) = z**3 + z**2 - z + 34. Suppose 0 = -t + 5*i - 0*i, -t - i = 0. Is k(t) a composite number?
True
Let c = 281 + -135. Suppose -5 = -2*g - 3*r + c, 3*g + r - 209 = 0. Let k = -21 + g. Is k prime?
True
Is (-6410)/60*-1*6 composite?
False
Let o(r) = 29*r - 5. Let f(u) = u**2 - 11*u + 4. Let g be f(11). Is o(g) a prime number?
False
Is (-6 - 502/(-1)) + 3 a prime number?
True
Let f = -7 - 0. Let h(r) = -r**3 - 6*r**2 - 8*r + 10. Is h(f) prime?
False
Let d = 54 + 59. Is d composite?
False
Let g(s) = 9*s**2 + 20*s - 3. Is g(-14) prime?
True
Let b(d) = -2*d + 1. Let a be b(4). Let x(l) = 17*l**2 - 1. Let p be x(a). Suppose 5*s = p - 267. Is s prime?
True
Let a(q) = q**3 + 3*q**2 + 3*q. Let s be a(-2). Is (4 + s - 3)*-19 prime?
True
Suppose -3*c + 3848 = 5*p, 5*p - 2309 = 2*p - 2*c. Is p a composite number?
False
Suppose -2*z - 6 = -2*q, -z + 3*z = 2. Suppose 184 = q*h + 4*k, -2*k = 5*h - 103 - 142. Is h a prime number?
False
Is (110/(-8))/((-7)/28) - 0 a prime number?
False
Suppose -3*v + u - 18 = 5*u, -2*u + 56 = -5*v. Let w(r) = -r - 7. Let n be w(v). Suppose -n*y - 185 = -2*p, -3*p + 0*y + 245 = 2*y. Is p prime?
False
Let y(q) = 5*q - 1. Let o be y(-1). Let d be 2/(-3) - 88/o. Let k = -7 + d. Is k a prime number?
True
Let k(g) = -34*g + 21. Is k(-11) a prime number?
False
Suppose a + 4*a - 995 = 0. Is a composite?
False
Suppose 4*t - 4*w = 6790 + 2226, -5*w + 11240 = 5*t. Is t a composite number?
False
Let i(z) = 20*z + 3. Let s be i(5). Let b be ((-2)/(-3))/((-12)/(-12186)). Suppose -b + s = -2*o. Is o composite?
True
Let i be 1 + 2 + 1*-5. Is i/(-14) + 1404/21 a prime number?
True
Let r(l) be the second derivative of l**4/6 + 15*l**2/2 + 8*l. Is r(13) a composite number?
False
Suppose 2*b - 772 = -2*b. Suppose -5*y - b = -578. Is y a composite number?
True
Let u be 3/6*-1*0. Suppose u = 2*h + 2*j - 6, 4*h - 5*j - 12 = -3*j. Is (3 - 1)*(h - 0) a composite number?
True
Let w(t) = t**3 + 16*t**2 - 2*t - 20. Let a be w(-16). Is 4358/7 - a/(-28) a composite number?
True
Let n(d) = 5*d**2 + 2*d - 1. Let f = 7 - 5. Is n(f) prime?
True
Suppose 7